uppose 0*j + 5*j - 20 = 0. Suppose 3*a = -9 - 3. List the prime factors of -2 + j/(a/(-9)).
7
Let n(j) = -j - 4*j + 5 - 5*j**2 + j**3 + 0*j + 0*j. List the prime factors of n(6).
11
Let u(g) = 12*g**2 - g. Let f(p) = -25*p**2 + 2*p. Let t(m) = -3*f(m) - 5*u(m). List the prime factors of t(-1).
2
Let a(f) = -f**3 + 4*f**2 + 2*f - 1. Let t be a(4). Let n = t - 16. List the prime factors of (-24)/n*(-6)/(-4).
2
Let n(s) = 2*s + 7. What are the prime factors of n(9)?
5
Suppose -6*l - 1 + 43 = 0. List the prime factors of l.
7
Let t be (-20)/3*12/(-10). Suppose 5*k - t - 12 = 0. Suppose 4*y + k = -2*a, -4*y - 21 = -a + 1. What are the prime factors of a?
2, 3
Let d(f) = -26*f**3 - f**2 - f - 1. Let v be (2 - (0 + 3))/1. What are the prime factors of d(v)?
5
Suppose 2*r = 13 + 107. Suppose 4*k - 5*i = -10*i + 34, 0 = 3*k + 5*i - 28. Suppose v + r = k*v. What are the prime factors of v?
2, 3
Let u be (16/(-24))/((-1)/132). Let w = u - 55. What are the prime factors of w?
3, 11
Let q = 10 + -8. Suppose 4*z + 4*a = q*a + 82, 0 = 5*z - 2*a - 98. What are the prime factors of z?
2, 5
Suppose 0*u = -5*u + 20. Suppose -b + 5 = u*b. What are the prime factors of (-10)/(-3) - b/3?
3
Let k(l) = 70*l**3 - 2*l + 3. List the prime factors of k(1).
71
What are the prime factors of (-1 - 874/6)*(-54)/45?
2, 11
Let h = 6 + -2. Let b(y) = 3*y**2 - 5*y - 2. Let l be b(h). Let r = l - 14. What are the prime factors of r?
2, 3
Let y = 16 + 3. What are the prime factors of y?
19
Let r(d) = 2*d + 4. Let x be r(3). Let y = x - 4. What are the prime factors of y?
2, 3
Let z be 2*(-6)/(-8)*2. Suppose -32 = -x - z*x. What are the prime factors of x?
2
Suppose 0 = -5*z + 577 + 378. What are the prime factors of z?
191
List the prime factors of 4/(-2) + (-3 - -19).
2, 7
Let b = 153 - 84. List the prime factors of b.
3, 23
Suppose m - 2*m + l = 15, 2*l = m + 10. Let i = -14 - m. What are the prime factors of i?
2, 3
Suppose -4*k - 4*r = 8, -2*k + r + 2*r = -16. Let q be 1/k + 498/12. Suppose -s + q = 2*s. What are the prime factors of s?
2, 7
Suppose -5*b + 23 = r - b, -2*r - 4*b + 26 = 0. List the prime factors of r.
3
Suppose p + 4 = -2*p - 4*d, -4*d + 8 = 0. List the prime factors of (0 - -13) + p + 7.
2
Let i = -13 + 58. List the prime factors of i.
3, 5
Let m(j) = j**2 + 13*j + 1. Let b(z) = -3*z**2 - 27*z - 1. Let v(f) = 2*b(f) + 5*m(f). List the prime factors of v(11).
3
Let f(l) be the third derivative of l**5/60 - l**3/3 + l**2. Let i(y) be the first derivative of f(y). What are the prime factors of i(5)?
2, 5
Let j(f) = f + 10. Let m be j(-8). Suppose 0 = -0*c - m*c + 4. Suppose 3*a - 40 = n, c*a + n - 15 = 15. What are the prime factors of a?
2, 7
Let l = 433 - 261. What are the prime factors of l?
2, 43
Let g(f) = 186*f - 3. What are the prime factors of g(1)?
3, 61
Let q = -9 - -14. Suppose -l - 3*a = -q - 1, l - 4*a = -8. What are the prime factors of (3/(-3) - l)*-11?
11
Let b = -3 + 6. Suppose 4*u = -4, -b*m + 14 = 4*u + 3. List the prime factors of m.
5
Let j(k) = k**3 - 10*k**2 - 7*k. Let b(i) = -i**2 - i. Let v(z) = -5*b(z) + j(z). Let r be v(5). Let u = -3 - r. What are the prime factors of u?
7
Suppose -v - 2*v - 5*r + 117 = 0, 3*r = 4*v - 185. List the prime factors of v.
2, 11
Let s be -3 + (2 - 6) + -33. Let i = s + 89. What are the prime factors of i?
7
Let x(c) = -c + 2. Let l be (-2)/(-3) - 23/3. List the prime factors of x(l).
3
Suppose 503 = 2*o + 159. List the prime factors of o.
2, 43
Let x be 2/(-3) - 8/(-3). Let l be x/(-8) + (-17)/(-4). Suppose -2*b - l - 4 = 0, 5*i = 2*b + 48. What are the prime factors of i?
2
Suppose 8 = 3*c - 1. Suppose -c*w + 6 = -12. Suppose 4*g = 6 + w, 5*u = 2*g + 14. What are the prime factors of u?
2
Suppose 4*o - 312 = -2*t, 15 = 4*o + 4*t - 289. List the prime factors of o.
2, 5
Let o(u) be the first derivative of u**3/3 - 13*u**2/2 + 15*u + 2. List the prime factors of o(13).
3, 5
Suppose -64 = -3*p + 119. List the prime factors of p.
61
Let n(h) = 2*h**2 - 9*h - 9. What are the prime factors of n(-5)?
2, 43
Let u = -484 + 846. List the prime factors of u.
2, 181
Let h be 4/14 + 15/21. Let b be ((-2)/(-1) - -1)*h. Let t = b - 1. List the prime factors of t.
2
Let d(u) = -6*u**3 - u**2 + u + 15. Let r(g) = 7*g**3 - 16. Let c(x) = 6*d(x) + 5*r(x). What are the prime factors of c(-7)?
17
Let q be -4*(0 - 1/(-2)). List the prime factors of (-1 + 0)/(q/6).
3
Let a be (0 - 1)/(1/(-3)). Suppose 0 = x + 2*w - 1, -39 = -4*x + 2*w - a*w. List the prime factors of x.
11
Let f(m) = 2*m + 24. Let t be f(-10). What are the prime factors of (1 + t)/(1/8)?
2, 5
Let r(f) = -3*f**3 - 3*f**2 - 3*f. Let a be r(-2). Suppose -2*b + 0*b + a = 0. What are the prime factors of (-12)/b*(-1 - 2)?
2
Let s = 26 + 38. Suppose -2*k = 2*k - s. List the prime factors of k.
2
Suppose 64 = 4*n + f, 4*n - 52 = -2*f + 8. Suppose 5*s + q + 3*q = 0, -2*s - 5*q = n. Suppose -s*m = -6*m + 24. List the prime factors of m.
2, 3
Let n(c) = c**3 + 15*c**2 - 16*c - 1. List the prime factors of n(-15).
239
Let w(z) be the first derivative of 0*z**2 + 3*z - 1 + 1/3*z**3. List the prime factors of w(0).
3
What are the prime factors of 1 - (3/3 - 24)?
2, 3
Let w(u) = -2*u + 11. List the prime factors of w(-5).
3, 7
Suppose 5*p = 2*c + 37 - 12, -c - 17 = -4*p. Suppose 4*r = 208 + 16. Suppose -r = b - 5*b + 5*w, -p*b + 39 = -3*w. What are the prime factors of b?
3
Let f = 4 + -2. Let u = -7 - -5. Let a = f - u. What are the prime factors of a?
2
Let h be (2 + -3)*(1 - -4). Let x = 1 - h. List the prime factors of x.
2, 3
Let f be (-2)/5 - 92/20. Let p = -3 - f. Suppose 2*v = p*o - 4, -8*o + 28 = 4*v - 3*o. What are the prime factors of v?
2
Let p = -10 + 15. Suppose 4*z + 2*x - 20 = 0, p + 7 = -3*x. What are the prime factors of z?
7
Let k(l) be the third derivative of l**6/120 + l**5/60 + l**4/24 + 2*l**3/3 - 3*l**2. List the prime factors of k(0).
2
Let s(m) = -3*m**3 + 3*m**2 - 3*m + 2. Let z be s(2). Let d = -11 - z. What are the prime factors of d?
5
Let k(u) = 19*u**2 + 2*u - 8. List the prime factors of k(2).
2, 3
Let q = -13 + 21. Let j = 20 - q. Let x = j + 1. What are the prime factors of x?
13
What are the prime factors of 22*2/4 + 0?
11
Let j be 70/(-4) - (-1)/(-2). Let c = -11 - j. What are the prime factors of c?
7
Let r = 0 - 2. What are the prime factors of r*(3 - 2) - -28?
2, 13
Let c(m) = m - 2. Let l be c(3). List the prime factors of (l/(-1))/(2/(-8)).
2
Let u be (-2)/(-6) - (-15)/9. List the prime factors of (-8 - -4)/(u/(-3)).
2, 3
Let i = 153 + -109. Let r = i - 23. List the prime factors of r.
3, 7
Suppose 0 = 2*s + 39 - 9. Let p = s + 3. Let u = p + 21. List the prime factors of u.
3
Suppose 0 = -4*s - 3 + 103. What are the prime factors of s?
5
Let d(p) = 4*p**2 - 9*p + 5. List the prime factors of d(3).
2, 7
Let l be 8 - (0/(-2) + -1). Let n be 21/l - 4/(-6). Suppose -4*c = -2*y - 32, -5*c + n*y = -49 + 7. What are the prime factors of c?
2, 3
Let b be (-1345)/(-35) - (-6)/(-14). Let f = b - 13. List the prime factors of f.
5
Let h = -13 + 15. Suppose 7*r + 79 = 3*n + h*r, -2*n + 4*r = -54. What are the prime factors of n?
23
List the prime factors of (-17)/((-119)/84) - 1*2.
2, 5
Suppose -2*m + 12 = 2*m. What are the prime factors of ((-24)/20)/(m/(-80))?
2
Let a = -6 - -7. Suppose 41 = 2*r - a. List the prime factors of r.
3, 7
Let k be (-23 + 12)*-1*1. Let c = -9 + k. List the prime factors of c.
2
Let s(t) be the second derivative of -t**4/12 + 3*t**3/2 + 9*t**2/2 + 5*t. What are the prime factors of s(9)?
3
Let m = -46 + 82. Suppose 5*p = -4*q + 9, -m = -3*p + 3*q - 9. List the prime factors of p.
5
Let l(t) = -t**3 + 3*t + 2. Let j be l(-2). Suppose 3*g + j = g, -4*y - g = -18. List the prime factors of ((-2)/(-6))/(y/75).
5
Let h = -6 - -8. Suppose c - 5*n = -20, 2*c + 3*c = -3*n + 40. Suppose -4 = -4*z + h*z - c*t, -5*z + 3*t = -72. List the prime factors of z.
2, 3
Suppose -3 = 2*o - 17. Let q = 18 - o. List the prime factors of q.
11
Let z = -44 - -66. Let g be (-2)/3 + 1/(-3). What are the prime factors of z*(2/(-4) - g)?
11
Let t be 2*(-2)/10*10. Let c be 0 + 2*10/(-4). List the prime factors of (c/t)/(2/8).
5
Let d(q) = -2*q - 11. Let y be d(-6). What are the prime factors of (114/(-9))/(y/(-3))?
2, 19
Let k = -32 - -140.